{"id":94249,"date":"2019-03-15T13:59:27","date_gmt":"2019-03-15T13:59:27","guid":{"rendered":"https:\/\/car-tours.dev4.webkoenig.ch\/sur-nous\/stiftung-denk-an-mich\/"},"modified":"2025-09-25T16:58:28","modified_gmt":"2025-09-25T14:58:28","slug":"fondation-denk-an-mich","status":"publish","type":"page","link":"https:\/\/e-bike-tours.ch\/fr\/sur-nous\/fondation-denk-an-mich\/","title":{"rendered":"Fondation \u00abDENK AN MICH\u00bb"},"content":{"rendered":"<div class=\"wpb-content-wrapper\">[vc_section][vc_row full_width=\u00a0\u00bbstretch_row_content_no_spaces\u00a0\u00bb css=\u00a0\u00bb.vc_custom_1574068999867{background-image: url(https:\/\/car-tours.ch\/wp-content\/uploads\/2019\/11\/Denk-an-mich-2000&#215;400.jpg?id=94307) !important;background-position: center !important;background-repeat: no-repeat !important;background-size: cover !important;}\u00a0\u00bb el_class=\u00a0\u00bbwk-header\u00a0\u00bb][vc_column][\/vc_column][\/vc_row][\/vc_section][vc_section el_class=\u00a0\u00bbwk-section\u00a0\u00bb][vc_row][vc_column][vc_column_text]\n<h1>Fondation \u00abDENK AN MICH\u00bb<\/h1>\n<h2>car-tours.ch s\u2019engage pour la fondation \u00abDENK AN MICH\u00bb<\/h2>\n<p>Pour chaque r\u00e9servation effectu\u00e9e sur www.car-tours.ch, Fr. 5.- sont vers\u00e9s \u00e0 la fondation \u00abDENK AN MICH\u00bb qui permet aux personnes handicap\u00e9es de partir en vacances.[\/vc_column_text][\/vc_column][\/vc_row][vc_row el_class=\u00a0\u00bbwk-padding-top\u00a0\u00bb][vc_column width=\u00a0\u00bb1\/2&Prime;]<figure class=\"vcex-image vcex-module\"><div class=\"vcex-image-inner wpex-relative wpex-inline-block\"><img width=\"3821\" height=\"5280\" src=\"https:\/\/e-bike-tours.ch\/wp-content\/uploads\/2025\/09\/anders-nielsen-Pne5QB4raFA-unsplash-1.jpg\" class=\"vcex-image-img wpex-align-middle\" alt=\"gruppenreisen, car tours reisen\" loading=\"lazy\" decoding=\"async\" srcset=\"https:\/\/e-bike-tours.ch\/wp-content\/uploads\/2025\/09\/anders-nielsen-Pne5QB4raFA-unsplash-1.jpg 3821w, https:\/\/e-bike-tours.ch\/wp-content\/uploads\/2025\/09\/anders-nielsen-Pne5QB4raFA-unsplash-1-217x300.jpg 217w, https:\/\/e-bike-tours.ch\/wp-content\/uploads\/2025\/09\/anders-nielsen-Pne5QB4raFA-unsplash-1-741x1024.jpg 741w, https:\/\/e-bike-tours.ch\/wp-content\/uploads\/2025\/09\/anders-nielsen-Pne5QB4raFA-unsplash-1-768x1061.jpg 768w, https:\/\/e-bike-tours.ch\/wp-content\/uploads\/2025\/09\/anders-nielsen-Pne5QB4raFA-unsplash-1-1112x1536.jpg 1112w, https:\/\/e-bike-tours.ch\/wp-content\/uploads\/2025\/09\/anders-nielsen-Pne5QB4raFA-unsplash-1-1482x2048.jpg 1482w\" sizes=\"auto, (max-width: 3821px) 100vw, 3821px\" \/><\/div><\/figure>[\/vc_column][vc_column width=\u00a0\u00bb1\/2&Prime;][vc_column_text css=\u00a0\u00bb\u00a0\u00bb]Pendant ses vacances et son temps libre, on peut \u00e9chapper \u00e0 la routine du quotidien et faire de nouvelles d\u00e9couvertes. Cela renforce la confiance en soi et ouvre de nouveaux chemins et de nouvelles perspectives. Les vacances et le temps libre sont \u00e9galement importants pour les personnes handicap\u00e9es, mais cela ne va pas toujours de soi.<\/p>\n<p>La fondation DENK AN MICH (\u00abPense \u00e0 moi\u00bb) s&rsquo;engage depuis 1968 dans le domaine des vacances et du temps libre tout comme dans la formation et la mobilit\u00e9. Elle s&rsquo;engage pour effacer la peur de l&rsquo;autre et pour que ces personnes puissent prendre part \u00e0 la vie de notre soci\u00e9t\u00e9 de fa\u00e7on autonome. Gr\u00e2ce \u00e0 sa grande exp\u00e9rience acquise au fil des ans, DENK AN MICH s&rsquo;est \u00e9tablie dans toute la Suisse.<\/p>\n<p><a href=\"https:\/\/car-tours.ch\/fr\/\" target=\"_blank\" rel=\"noopener\">car-tours.ch<\/a> et donc nos clients s\u2019engagent depuis des ann\u00e9es pour l\u2019action \u00ab5 francs pour DENK AN MICH\u00bb et sa fondation. Les dons ont d\u00e9j\u00e0 permis \u00e0 de nombreuses personnes handicap\u00e9es de profiter des joies des vacances et des loisirs.<\/p>\n<p>Pour de plus amples informations sur la fondation \u00abDENK AN MICH\u00bb, voir sous: <a href=\"http:\/\/www.denkanmich.ch\/\" target=\"_blank\" rel=\"noopener\">www.denkanmich.ch<\/a>[\/vc_column_text][\/vc_column][\/vc_row][\/vc_section]\n<\/div>","protected":false},"excerpt":{"rendered":"<p>[vc_section][vc_row full_width=\u00a0\u00bbstretch_row_content_no_spaces\u00a0\u00bb css=\u00a0\u00bb.vc_custom_1574068999867{background-image: url(https:\/\/car-tours.ch\/wp-content\/uploads\/2019\/11\/Denk-an-mich-2000&#215;400.jpg?id=94307) !important;background-position: center !important;background-repeat: no-repeat !important;background-size: cover !important;}\u00a0\u00bb el_class=\u00a0\u00bbwk-header\u00a0\u00bb][vc_column][\/vc_column][\/vc_row][\/vc_section][vc_section el_class=\u00a0\u00bbwk-section\u00a0\u00bb][vc_row][vc_column][vc_column_text] Fondation \u00abDENK AN MICH\u00bb car-tours.ch s\u2019engage pour la fondation \u00abDENK AN MICH\u00bb Pour chaque r\u00e9servation effectu\u00e9e sur www.car-tours.ch, Fr. 5.- sont vers\u00e9s \u00e0 la fondation \u00abDENK AN MICH\u00bb qui permet aux personnes handicap\u00e9es de partir en vacances.[\/vc_column_text][\/vc_column][\/vc_row][vc_row el_class=\u00a0\u00bbwk-padding-top\u00a0\u00bb][vc_column width=\u00a0\u00bb1\/2&Prime;][\/vc_column][vc_column width=\u00a0\u00bb1\/2&Prime;][vc_column_text css=\u00a0\u00bb\u00a0\u00bb]Pendant ses&hellip;<\/p>\n","protected":false},"author":1,"featured_media":0,"parent":94011,"menu_order":0,"comment_status":"closed","ping_status":"closed","template":"","meta":{"_acf_changed":false,"footnotes":""},"class_list":["post-94249","page","type-page","status-publish","hentry","entry","no-media"],"acf":[],"_links":{"self":[{"href":"https:\/\/e-bike-tours.ch\/fr\/wp-json\/wp\/v2\/pages\/94249","targetHints":{"allow":["GET"]}}],"collection":[{"href":"https:\/\/e-bike-tours.ch\/fr\/wp-json\/wp\/v2\/pages"}],"about":[{"href":"https:\/\/e-bike-tours.ch\/fr\/wp-json\/wp\/v2\/types\/page"}],"author":[{"embeddable":true,"href":"https:\/\/e-bike-tours.ch\/fr\/wp-json\/wp\/v2\/users\/1"}],"replies":[{"embeddable":true,"href":"https:\/\/e-bike-tours.ch\/fr\/wp-json\/wp\/v2\/comments?post=94249"}],"version-history":[{"count":7,"href":"https:\/\/e-bike-tours.ch\/fr\/wp-json\/wp\/v2\/pages\/94249\/revisions"}],"predecessor-version":[{"id":94250,"href":"https:\/\/e-bike-tours.ch\/fr\/wp-json\/wp\/v2\/pages\/94249\/revisions\/94250"}],"up":[{"embeddable":true,"href":"https:\/\/e-bike-tours.ch\/fr\/wp-json\/wp\/v2\/pages\/94011"}],"wp:attachment":[{"href":"https:\/\/e-bike-tours.ch\/fr\/wp-json\/wp\/v2\/media?parent=94249"}],"curies":[{"name":"wp","href":"https:\/\/api.w.org\/{rel}","templated":true}]}}

<div class="wpb-content-wrapper">[vc_section][vc_row full_width= »stretch_row_content_no_spaces » css= ».vc_custom_1574068999867{background-image: url(https://car-tours.ch/wp-content/uploads/2019/11/Denk-an-mich-2000&#215;400.jpg?id=94307) !important;background-position: center !important;background-repeat: no-repeat !important;background-size: cover !important;} » el_class= »wk-header »][vc_column][/vc_column][/vc_row][/vc_section][vc_section el_class= »wk-section »][vc_row][vc_column][vc_column_text]
<h1>Fondation «DENK AN MICH»</h1>
<h2>car-tours.ch s’engage pour la fondation «DENK AN MICH»</h2>
<p>Pour chaque réservation effectuée sur www.car-tours.ch, Fr. 5.- sont versés à la fondation «DENK AN MICH» qui permet aux personnes handicapées de partir en vacances.[/vc_column_text][/vc_column][/vc_row][vc_row el_class= »wk-padding-top »][vc_column width= »1/2&Prime;]<figure class="vcex-image vcex-module"><div class="vcex-image-inner wpex-relative wpex-inline-block"><img width="3821" height="5280" src="https://e-bike-tours.ch/wp-content/uploads/2025/09/anders-nielsen-Pne5QB4raFA-unsplash-1.jpg" class="vcex-image-img wpex-align-middle" alt="gruppenreisen, car tours reisen" loading="lazy" decoding="async" srcset="https://e-bike-tours.ch/wp-content/uploads/2025/09/anders-nielsen-Pne5QB4raFA-unsplash-1.jpg 3821w, https://e-bike-tours.ch/wp-content/uploads/2025/09/anders-nielsen-Pne5QB4raFA-unsplash-1-217x300.jpg 217w, https://e-bike-tours.ch/wp-content/uploads/2025/09/anders-nielsen-Pne5QB4raFA-unsplash-1-741x1024.jpg 741w, https://e-bike-tours.ch/wp-content/uploads/2025/09/anders-nielsen-Pne5QB4raFA-unsplash-1-768x1061.jpg 768w, https://e-bike-tours.ch/wp-content/uploads/2025/09/anders-nielsen-Pne5QB4raFA-unsplash-1-1112x1536.jpg 1112w, https://e-bike-tours.ch/wp-content/uploads/2025/09/anders-nielsen-Pne5QB4raFA-unsplash-1-1482x2048.jpg 1482w" sizes="auto, (max-width: 3821px) 100vw, 3821px" /></div></figure>[/vc_column][vc_column width= »1/2&Prime;][vc_column_text css= » »]Pendant ses vacances et son temps libre, on peut échapper à la routine du quotidien et faire de nouvelles découvertes. Cela renforce la confiance en soi et ouvre de nouveaux chemins et de nouvelles perspectives. Les vacances et le temps libre sont également importants pour les personnes handicapées, mais cela ne va pas toujours de soi.</p>
<p>La fondation DENK AN MICH («Pense à moi») s&rsquo;engage depuis 1968 dans le domaine des vacances et du temps libre tout comme dans la formation et la mobilité. Elle s&rsquo;engage pour effacer la peur de l&rsquo;autre et pour que ces personnes puissent prendre part à la vie de notre société de façon autonome. Grâce à sa grande expérience acquise au fil des ans, DENK AN MICH s&rsquo;est établie dans toute la Suisse.</p>
<p><a href="https://car-tours.ch/fr/" target="_blank" rel="noopener">car-tours.ch</a> et donc nos clients s’engagent depuis des années pour l’action «5 francs pour DENK AN MICH» et sa fondation. Les dons ont déjà permis à de nombreuses personnes handicapées de profiter des joies des vacances et des loisirs.</p>
<p>Pour de plus amples informations sur la fondation «DENK AN MICH», voir sous: <a href="http://www.denkanmich.ch/" target="_blank" rel="noopener">www.denkanmich.ch</a>[/vc_column_text][/vc_column][/vc_row][/vc_section]
</div>

<p>[vc_section][vc_row full_width= »stretch_row_content_no_spaces » css= ».vc_custom_1574068999867{background-image: url(https://car-tours.ch/wp-content/uploads/2019/11/Denk-an-mich-2000&#215;400.jpg?id=94307) !important;background-position: center !important;background-repeat: no-repeat !important;background-size: cover !important;} » el_class= »wk-header »][vc_column][/vc_column][/vc_row][/vc_section][vc_section el_class= »wk-section »][vc_row][vc_column][vc_column_text] Fondation «DENK AN MICH» car-tours.ch s’engage pour la fondation «DENK AN MICH» Pour chaque réservation effectuée sur www.car-tours.ch, Fr. 5.- sont versés à la fondation «DENK AN MICH» qui permet aux personnes handicapées de partir en vacances.[/vc_column_text][/vc_column][/vc_row][vc_row el_class= »wk-padding-top »][vc_column width= »1/2&Prime;][/vc_column][vc_column width= »1/2&Prime;][vc_column_text css= » »]Pendant ses&hellip;</p>
